{"id":43692,"date":"2025-09-29T20:13:25","date_gmt":"2025-09-29T18:13:25","guid":{"rendered":"https:\/\/www.gdbs-provence.fr\/?page_id=43692"},"modified":"2025-09-29T20:18:16","modified_gmt":"2025-09-29T18:18:16","slug":"engagements","status":"publish","type":"page","link":"https:\/\/www.gdbs-provence.fr\/?page_id=43692","title":{"rendered":"Engagements"},"content":{"rendered":"\t\t<div data-elementor-type=\"wp-page\" data-elementor-id=\"43692\" class=\"elementor elementor-43692\">\n\t\t\t\t<div class=\"elementor-element elementor-element-48cfa1bd e-con-full e-flex cmsmasters-block-default e-con e-parent\" data-id=\"48cfa1bd\" data-element_type=\"container\" data-e-type=\"container\">\n\t\t<div class=\"elementor-element elementor-element-4a3e0ee4 e-con-full e-flex cmsmasters-bg-hide-none cmsmasters-bg-hide-none cmsmasters-block-default e-con e-child\" data-id=\"4a3e0ee4\" data-element_type=\"container\" data-e-type=\"container\" data-settings=\"{&quot;background_background&quot;:&quot;classic&quot;}\">\n\t\t\t\t<\/div>\n\t\t<div class=\"elementor-element elementor-element-3035ef81 e-con-full e-flex cmsmasters-block-default e-con e-child\" data-id=\"3035ef81\" data-element_type=\"container\" data-e-type=\"container\" data-settings=\"{&quot;background_background&quot;:&quot;classic&quot;}\">\n\t\t\t\t<div class=\"elementor-element elementor-element-10c63cb6 elementor-widget__width-initial cmsmasters-block-default cmsmasters-sticky-default elementor-widget elementor-widget-heading\" data-id=\"10c63cb6\" data-element_type=\"widget\" data-e-type=\"widget\" data-widget_type=\"heading.default\">\n\t\t\t\t<div class=\"elementor-widget-container\">\n\t\t\t\t\t<h1 class=\"elementor-heading-title elementor-size-default\">Une d\u00e9marche responsable<\/h1>\t\t\t\t<\/div>\n\t\t\t\t<\/div>\n\t\t\t\t<div class=\"elementor-element elementor-element-1e21eaba cmsmasters-block-default cmsmasters-sticky-default elementor-widget elementor-widget-text-editor\" data-id=\"1e21eaba\" data-element_type=\"widget\" data-e-type=\"widget\" data-widget_type=\"text-editor.default\">\n\t\t\t\t<div class=\"elementor-widget-container\">\n\t\t\t\t\t\t\t\t\t<p>Nous sommes convaincus que la qualit\u00e9 de nos services de blanchisserie et de nettoyage ne peut aller sans un <strong>engagement sinc\u00e8re et fermement attach\u00e9 \u00e0 la protection de notre environnement<\/strong>.<\/p>\n\n<p><em>Nous pla\u00e7ons la responsabilit\u00e9 environnementale au centre de nos activit\u00e9s.<\/em><\/p>\n\n<p>Conscients de l\u2019impact que peuvent avoir nos m\u00e9tiers sur la plan\u00e8te, nous avons mis en place des proc\u00e9d\u00e9s, des choix de produits et des investissements technologiques pour offrir \u00e0 nos clients un service irr\u00e9prochable, tout en r\u00e9duisant notre <strong>empreinte \u00e9cologique<\/strong>.<\/p>\n\t\t\t\t\t\t\t\t<\/div>\n\t\t\t\t<\/div>\n\t\t\t\t<\/div>\n\t\t\t\t<\/div>\n\t\t<div class=\"elementor-element elementor-element-9e33057 e-flex e-con-boxed cmsmasters-block-default e-con e-parent\" data-id=\"9e33057\" data-element_type=\"container\" data-e-type=\"container\">\n\t\t\t\t\t<div class=\"e-con-inner\">\n\t\t<div class=\"elementor-element elementor-element-960bdf2 e-con-full e-flex cmsmasters-block-default e-con e-child\" data-id=\"960bdf2\" data-element_type=\"container\" data-e-type=\"container\">\n\t\t\t\t<div class=\"elementor-element elementor-element-8594b83 cmsmasters-block-default cmsmasters-sticky-default elementor-widget elementor-widget-heading\" data-id=\"8594b83\" data-element_type=\"widget\" data-e-type=\"widget\" data-widget_type=\"heading.default\">\n\t\t\t\t<div class=\"elementor-widget-container\">\n\t\t\t\t\t<h2 class=\"elementor-heading-title elementor-size-default\">Un savoir-faire durable<\/h2>\t\t\t\t<\/div>\n\t\t\t\t<\/div>\n\t\t<div class=\"elementor-element elementor-element-a5dbaff e-con-full e-flex cmsmasters-block-default e-con e-child\" data-id=\"a5dbaff\" data-element_type=\"container\" data-e-type=\"container\">\n\t\t\t\t<div class=\"elementor-element elementor-element-d5d7449 cmsmasters-block-default cmsmasters-sticky-default elementor-widget elementor-widget-text-editor\" data-id=\"d5d7449\" data-element_type=\"widget\" data-e-type=\"widget\" data-widget_type=\"text-editor.default\">\n\t\t\t\t<div class=\"elementor-widget-container\">\n\t\t\t\t\t\t\t\t\t<p data-start=\"238\" data-end=\"451\">Parce que chaque geste compte, notre blanchisserie professionnelle s\u2019appuie sur des \u00e9quipements performants et des proc\u00e9d\u00e9s optimis\u00e9s pour r\u00e9duire notre empreinte environnementale, sans compromis sur la qualit\u00e9.<\/p><ul><li data-start=\"453\" data-end=\"577\"><p data-start=\"455\" data-end=\"577\"><strong data-start=\"455\" data-end=\"492\">Machines \u00e0 consommation ma\u00eetris\u00e9e<\/strong> : performance optimis\u00e9e pour une utilisation responsable de l\u2019eau et de l\u2019\u00e9nergie.<\/p><\/li><li data-start=\"578\" data-end=\"717\"><p data-start=\"580\" data-end=\"717\"><strong data-start=\"580\" data-end=\"615\">Dosage intelligent des produits<\/strong> : distribution pr\u00e9cise de la quantit\u00e9 n\u00e9cessaire pour un usage efficace et raisonn\u00e9 des d\u00e9tergents.<\/p><\/li><li data-start=\"718\" data-end=\"844\"><p data-start=\"720\" data-end=\"844\"><strong data-start=\"720\" data-end=\"747\">Technologie responsable<\/strong> : chaque cycle est con\u00e7u pour maximiser l\u2019efficacit\u00e9 tout en r\u00e9duisant l\u2019empreinte \u00e9cologique.<\/p><\/li><\/ul>\t\t\t\t\t\t\t\t<\/div>\n\t\t\t\t<\/div>\n\t\t\t\t<div class=\"elementor-element elementor-element-3e7e049 cmsmasters-block-default cmsmasters-sticky-default elementor-invisible elementor-widget elementor-widget-cmsmasters-button\" data-id=\"3e7e049\" data-element_type=\"widget\" data-e-type=\"widget\" data-settings=\"{&quot;_animation&quot;:&quot;slideInUp&quot;}\" data-widget_type=\"cmsmasters-button.default\">\n\t\t\t\t<div class=\"elementor-widget-container\">\n\t\t\t\t\t<div class=\"elementor-widget-cmsmasters-button__button-container\"><div class=\"elementor-widget-cmsmasters-button__button-container-inner\"><a href=\"https:\/\/www.gdbs-provence.fr\/?page_id=43429\" class=\"cmsmasters-button-link elementor-widget-cmsmasters-button__button cmsmasters-icon-view- cmsmasters-icon-shape- cmsmasters-button-size-sm\" role=\"button\" tabindex=\"0\"><span class=\"elementor-widget-cmsmasters-button__content-wrapper cmsmasters-align-icon-\"><span class=\"elementor-widget-cmsmasters-button__text\">D\u00e9couvrir nos services<\/span><\/span><\/a><\/div><\/div>\t\t\t\t<\/div>\n\t\t\t\t<\/div>\n\t\t\t\t<\/div>\n\t\t\t\t<\/div>\n\t\t<div class=\"elementor-element elementor-element-0b038c7 e-con-full e-flex cmsmasters-block-default e-con e-child\" data-id=\"0b038c7\" data-element_type=\"container\" data-e-type=\"container\">\n\t\t\t\t<div class=\"elementor-element elementor-element-dd1f2d9 cmsmasters-block-default cmsmasters-sticky-default elementor-widget elementor-widget-video\" data-id=\"dd1f2d9\" data-element_type=\"widget\" data-e-type=\"widget\" data-settings=\"{&quot;video_type&quot;:&quot;hosted&quot;,&quot;autoplay&quot;:&quot;yes&quot;,&quot;mute&quot;:&quot;yes&quot;,&quot;loop&quot;:&quot;yes&quot;}\" data-widget_type=\"video.default\">\n\t\t\t\t<div class=\"elementor-widget-container\">\n\t\t\t\t\t\t\t<div class=\"e-hosted-video elementor-wrapper elementor-open-inline\">\n\t\t\t\t\t<video class=\"elementor-video\" src=\"https:\/\/www.gdbs-provence.fr\/wp-content\/uploads\/2025\/08\/IMG_5863-1.mp4\" autoplay=\"\" loop=\"\" muted=\"muted\" controlsList=\"nodownload\"><\/video>\n\t\t\t\t<\/div>\n\t\t\t\t\t\t<\/div>\n\t\t\t\t<\/div>\n\t\t\t\t<\/div>\n\t\t\t\t\t<\/div>\n\t\t\t\t<\/div>\n\t\t<div class=\"elementor-element elementor-element-bf16b5e e-flex e-con-boxed cmsmasters-block-default e-con e-parent\" data-id=\"bf16b5e\" data-element_type=\"container\" data-e-type=\"container\">\n\t\t\t\t\t<div class=\"e-con-inner\">\n\t\t\t\t<div class=\"elementor-element elementor-element-e8f3d5f cmsmasters-block-default cmsmasters-sticky-default elementor-widget elementor-widget-spacer\" data-id=\"e8f3d5f\" data-element_type=\"widget\" data-e-type=\"widget\" data-widget_type=\"spacer.default\">\n\t\t\t\t<div class=\"elementor-widget-container\">\n\t\t\t\t\t\t\t<div class=\"elementor-spacer\">\n\t\t\t<div class=\"elementor-spacer-inner\"><\/div>\n\t\t<\/div>\n\t\t\t\t\t\t<\/div>\n\t\t\t\t<\/div>\n\t\t\t\t\t<\/div>\n\t\t\t\t<\/div>\n\t\t<section class=\"elementor-element elementor-element-254145d e-flex e-con-boxed cmsmasters-block-default e-con e-child\" data-id=\"254145d\" data-element_type=\"container\" data-e-type=\"container\">\n\t\t\t\t\t<div class=\"e-con-inner\">\n\t\t<div class=\"elementor-element elementor-element-1666c7cb e-con-full e-flex cmsmasters-block-default e-con e-child\" data-id=\"1666c7cb\" data-element_type=\"container\" data-e-type=\"container\">\n\t\t\t\t<div class=\"elementor-element elementor-element-53d605bf cmsmasters-block-default cmsmasters-sticky-default elementor-widget elementor-widget-heading\" data-id=\"53d605bf\" data-element_type=\"widget\" data-e-type=\"widget\" data-widget_type=\"heading.default\">\n\t\t\t\t<div class=\"elementor-widget-container\">\n\t\t\t\t\t<h2 class=\"elementor-heading-title elementor-size-default\">Nettoyage responsable<\/h2>\t\t\t\t<\/div>\n\t\t\t\t<\/div>\n\t\t\t\t<div class=\"elementor-element elementor-element-36b57112 cmsmasters-block-default cmsmasters-sticky-default elementor-widget elementor-widget-heading\" data-id=\"36b57112\" data-element_type=\"widget\" data-e-type=\"widget\" data-widget_type=\"heading.default\">\n\t\t\t\t<div class=\"elementor-widget-container\">\n\t\t\t\t\t<p class=\"elementor-heading-title elementor-size-default\">Nous allions efficacit\u00e9 et respect de l\u2019environnement gr\u00e2ce \u00e0 des m\u00e9thodes responsables et optimis\u00e9es.<\/p>\t\t\t\t<\/div>\n\t\t\t\t<\/div>\n\t\t<div class=\"elementor-element elementor-element-4d81a79 e-con-full e-flex cmsmasters-block-default e-con e-child\" data-id=\"4d81a79\" data-element_type=\"container\" data-e-type=\"container\">\n\t\t\t\t<div class=\"elementor-element elementor-element-b987cae cmsmasters-title-alignment-left cmsmasters-item-icon-position-left cmsmasters-trigger-icon-view-default cmsmasters-block-default cmsmasters-sticky-default elementor-widget elementor-widget-cmsmasters-toggles cmsmasters-widget-toggles\" data-id=\"b987cae\" data-element_type=\"widget\" data-e-type=\"widget\" data-settings=\"{&quot;toggles&quot;:[{&quot;toggle_title&quot;:&quot;Emprunte carbone&quot;,&quot;toggle_content&quot;:&quot;&lt;p data-start=\\&quot;358\\&quot; data-end=\\&quot;495\\&quot;&gt;Pour r\\u00e9duire notre empreinte carbone, nous optimisons les trajets lors de nos interventions, en planifiant efficacement nos d\\u00e9placements.&lt;\\\/p&gt;&quot;,&quot;_id&quot;:&quot;0b9772b&quot;,&quot;content_type&quot;:&quot;toggle-content&quot;,&quot;saved_section&quot;:null,&quot;item_icon&quot;:{&quot;value&quot;:&quot;&quot;,&quot;library&quot;:&quot;&quot;},&quot;toggle_custom_id&quot;:&quot;&quot;},{&quot;_id&quot;:&quot;51e78b6&quot;,&quot;toggle_title&quot;:&quot;Dosage des produits&quot;,&quot;toggle_content&quot;:&quot;&lt;p data-start=\\&quot;497\\&quot; data-end=\\&quot;683\\&quot;&gt;Nous assurons un dosage fiable, pr\\u00e9cis et ma\\u00eetris\\u00e9 des produits utilis\\u00e9s, notamment au sein des auto-laveuses, afin d\\u2019\\u00e9viter tout gaspillage et maximiser l\\u2019efficacit\\u00e9 de nos prestations.&lt;\\\/p&gt;&quot;,&quot;content_type&quot;:&quot;toggle-content&quot;,&quot;saved_section&quot;:null,&quot;item_icon&quot;:{&quot;value&quot;:&quot;&quot;,&quot;library&quot;:&quot;&quot;},&quot;toggle_custom_id&quot;:&quot;&quot;},{&quot;toggle_title&quot;:&quot;Produits \\u00e9cologiques s\\u00e9lectionn\\u00e9s&quot;,&quot;toggle_content&quot;:&quot;&lt;p data-start=\\&quot;74\\&quot; data-end=\\&quot;356\\&quot;&gt;Nos prestations de nettoyage reposent sur une s\\u00e9lection rigoureuse de produits \\u00e0 faible impact \\u00e9cologique. Ces produits innovants garantissent une propret\\u00e9 optimale tout en limitant l\\u2019utilisation de substances nocives pour la sant\\u00e9 et la plan\\u00e8te.&lt;\\\/p&gt;&quot;,&quot;_id&quot;:&quot;ea10a22&quot;,&quot;content_type&quot;:&quot;toggle-content&quot;,&quot;saved_section&quot;:null,&quot;item_icon&quot;:{&quot;value&quot;:&quot;&quot;,&quot;library&quot;:&quot;&quot;},&quot;toggle_custom_id&quot;:&quot;&quot;}],&quot;type&quot;:&quot;toggles&quot;}\" data-widget_type=\"cmsmasters-toggles.default\">\n\t\t\t\t<div class=\"elementor-widget-container\">\n\t\t\t\t\t<div class=\"elementor-widget-cmsmasters-toggles__list\"><div class=\"elementor-widget-cmsmasters-toggles__item\"><h6 id=\"elementor-tab-title-1941\" class=\"elementor-widget-cmsmasters-toggles__title\" data-tab=\"1\" role=\"button\" tabindex=\"0\"><a class=\"elementor-widget-cmsmasters-toggles__title-link cmsmasters_enable_trigger_icon\" href=\"#\" tabindex=\"-1\"><span class=\"elementor-widget-cmsmasters-toggles__title-text\">Emprunte carbone<\/span><\/a><span class=\"elementor-widget-cmsmasters-toggles__trigger\"><span class=\"elementor-widget-cmsmasters-toggles__trigger-closed\"><i aria-hidden=\"true\" aria-label=\"Closed\" class=\"fas fa-plus\"><\/i><\/span><span class=\"elementor-widget-cmsmasters-toggles__trigger-opened\"><i aria-hidden=\"true\" aria-label=\"Opened\" class=\"fas fa-minus\"><\/i><\/span><\/span><\/h6><div id=\"elementor-widget-cmsmasters-toggles__content-1941\" class=\"elementor-widget-cmsmasters-toggles__content elementor-clearfix\" data-tab=\"1\"><p data-start=\"358\" data-end=\"495\">Pour r\u00e9duire notre empreinte carbone, nous optimisons les trajets lors de nos interventions, en planifiant efficacement nos d\u00e9placements.<\/p><\/div><\/div><div class=\"elementor-widget-cmsmasters-toggles__item\"><h6 id=\"elementor-tab-title-1942\" class=\"elementor-widget-cmsmasters-toggles__title\" data-tab=\"2\" role=\"button\" tabindex=\"0\"><a class=\"elementor-widget-cmsmasters-toggles__title-link cmsmasters_enable_trigger_icon\" href=\"#\" tabindex=\"-1\"><span class=\"elementor-widget-cmsmasters-toggles__title-text\">Dosage des produits<\/span><\/a><span class=\"elementor-widget-cmsmasters-toggles__trigger\"><span class=\"elementor-widget-cmsmasters-toggles__trigger-closed\"><i aria-hidden=\"true\" aria-label=\"Closed\" class=\"fas fa-plus\"><\/i><\/span><span class=\"elementor-widget-cmsmasters-toggles__trigger-opened\"><i aria-hidden=\"true\" aria-label=\"Opened\" class=\"fas fa-minus\"><\/i><\/span><\/span><\/h6><div id=\"elementor-widget-cmsmasters-toggles__content-1942\" class=\"elementor-widget-cmsmasters-toggles__content elementor-clearfix\" data-tab=\"2\"><p data-start=\"497\" data-end=\"683\">Nous assurons un dosage fiable, pr\u00e9cis et ma\u00eetris\u00e9 des produits utilis\u00e9s, notamment au sein des auto-laveuses, afin d\u2019\u00e9viter tout gaspillage et maximiser l\u2019efficacit\u00e9 de nos prestations.<\/p><\/div><\/div><div class=\"elementor-widget-cmsmasters-toggles__item\"><h6 id=\"elementor-tab-title-1943\" class=\"elementor-widget-cmsmasters-toggles__title\" data-tab=\"3\" role=\"button\" tabindex=\"0\"><a class=\"elementor-widget-cmsmasters-toggles__title-link cmsmasters_enable_trigger_icon\" href=\"#\" tabindex=\"-1\"><span class=\"elementor-widget-cmsmasters-toggles__title-text\">Produits \u00e9cologiques s\u00e9lectionn\u00e9s<\/span><\/a><span class=\"elementor-widget-cmsmasters-toggles__trigger\"><span class=\"elementor-widget-cmsmasters-toggles__trigger-closed\"><i aria-hidden=\"true\" aria-label=\"Closed\" class=\"fas fa-plus\"><\/i><\/span><span class=\"elementor-widget-cmsmasters-toggles__trigger-opened\"><i aria-hidden=\"true\" aria-label=\"Opened\" class=\"fas fa-minus\"><\/i><\/span><\/span><\/h6><div id=\"elementor-widget-cmsmasters-toggles__content-1943\" class=\"elementor-widget-cmsmasters-toggles__content elementor-clearfix\" data-tab=\"3\"><p data-start=\"74\" data-end=\"356\">Nos prestations de nettoyage reposent sur une s\u00e9lection rigoureuse de produits \u00e0 faible impact \u00e9cologique. Ces produits innovants garantissent une propret\u00e9 optimale tout en limitant l\u2019utilisation de substances nocives pour la sant\u00e9 et la plan\u00e8te.<\/p><\/div><\/div><\/div>\t\t\t\t<\/div>\n\t\t\t\t<\/div>\n\t\t\t\t<\/div>\n\t\t\t\t<div class=\"elementor-element elementor-element-3a5a9f7d cmsmasters-block-default cmsmasters-sticky-default elementor-invisible elementor-widget elementor-widget-cmsmasters-button\" data-id=\"3a5a9f7d\" data-element_type=\"widget\" data-e-type=\"widget\" data-settings=\"{&quot;_animation&quot;:&quot;slideInUp&quot;}\" data-widget_type=\"cmsmasters-button.default\">\n\t\t\t\t<div class=\"elementor-widget-container\">\n\t\t\t\t\t<div class=\"elementor-widget-cmsmasters-button__button-container\"><div class=\"elementor-widget-cmsmasters-button__button-container-inner\"><a href=\"https:\/\/www.gdbs-provence.fr\/?page_id=43495\" class=\"cmsmasters-button-link elementor-widget-cmsmasters-button__button cmsmasters-icon-view- cmsmasters-icon-shape- cmsmasters-button-size-sm\" role=\"button\" tabindex=\"0\"><span class=\"elementor-widget-cmsmasters-button__content-wrapper cmsmasters-align-icon-\"><span class=\"elementor-widget-cmsmasters-button__text\">D\u00e9couvrir nos prestations<\/span><\/span><\/a><\/div><\/div>\t\t\t\t<\/div>\n\t\t\t\t<\/div>\n\t\t\t\t<\/div>\n\t\t<div class=\"elementor-element elementor-element-727f85eb e-con-full e-flex cmsmasters-block-default e-con e-child\" data-id=\"727f85eb\" data-element_type=\"container\" data-e-type=\"container\" data-settings=\"{&quot;position&quot;:&quot;absolute&quot;}\">\n\t\t<div class=\"elementor-element elementor-element-38bb9185 e-con-full e-flex cmsmasters-block-default e-con e-child\" data-id=\"38bb9185\" data-element_type=\"container\" data-e-type=\"container\">\n\t\t\t\t<div class=\"elementor-element elementor-element-795bbf1f elementor-widget__width-inherit cmsmasters-block-default cmsmasters-sticky-default elementor-widget elementor-widget-image\" data-id=\"795bbf1f\" data-element_type=\"widget\" data-e-type=\"widget\" data-widget_type=\"image.default\">\n\t\t\t\t<div class=\"elementor-widget-container\">\n\t\t\t\t\t\t\t\t\t\t\t\t\t\t\t<img fetchpriority=\"high\" decoding=\"async\" width=\"225\" height=\"300\" src=\"https:\/\/www.gdbs-provence.fr\/wp-content\/uploads\/2025\/07\/IMG_5891-225x300.jpg\" class=\"attachment-medium size-medium wp-image-43453\" alt=\"\" srcset=\"https:\/\/www.gdbs-provence.fr\/wp-content\/uploads\/2025\/07\/IMG_5891-225x300.jpg 225w, https:\/\/www.gdbs-provence.fr\/wp-content\/uploads\/2025\/07\/IMG_5891-768x1024.jpg 768w, https:\/\/www.gdbs-provence.fr\/wp-content\/uploads\/2025\/07\/IMG_5891-1152x1536.jpg 1152w, https:\/\/www.gdbs-provence.fr\/wp-content\/uploads\/2025\/07\/IMG_5891-1536x2048.jpg 1536w, https:\/\/www.gdbs-provence.fr\/wp-content\/uploads\/2025\/07\/IMG_5891-600x800.jpg 600w, https:\/\/www.gdbs-provence.fr\/wp-content\/uploads\/2025\/07\/IMG_5891-scaled.jpg 1920w\" sizes=\"(max-width: 225px) 100vw, 225px\" \/>\t\t\t\t\t\t\t\t\t\t\t\t\t\t\t<\/div>\n\t\t\t\t<\/div>\n\t\t\t\t<\/div>\n\t\t<div class=\"elementor-element elementor-element-5f047353 e-con-full e-flex cmsmasters-block-default e-con e-child\" data-id=\"5f047353\" data-element_type=\"container\" data-e-type=\"container\">\n\t\t\t\t<div class=\"elementor-element elementor-element-30245ef elementor-widget__width-inherit cmsmasters-block-default cmsmasters-sticky-default elementor-widget elementor-widget-image\" data-id=\"30245ef\" data-element_type=\"widget\" data-e-type=\"widget\" data-widget_type=\"image.default\">\n\t\t\t\t<div class=\"elementor-widget-container\">\n\t\t\t\t\t\t\t\t\t\t\t\t\t\t\t<img decoding=\"async\" width=\"768\" height=\"768\" src=\"https:\/\/www.gdbs-provence.fr\/wp-content\/uploads\/2025\/07\/23-768x768.jpg\" class=\"attachment-medium_large size-medium_large wp-image-43456\" alt=\"\" srcset=\"https:\/\/www.gdbs-provence.fr\/wp-content\/uploads\/2025\/07\/23-768x768.jpg 768w, https:\/\/www.gdbs-provence.fr\/wp-content\/uploads\/2025\/07\/23-300x300.jpg 300w, https:\/\/www.gdbs-provence.fr\/wp-content\/uploads\/2025\/07\/23-150x150.jpg 150w, https:\/\/www.gdbs-provence.fr\/wp-content\/uploads\/2025\/07\/23-260x260.jpg 260w, https:\/\/www.gdbs-provence.fr\/wp-content\/uploads\/2025\/07\/23-600x600.jpg 600w, https:\/\/www.gdbs-provence.fr\/wp-content\/uploads\/2025\/07\/23-100x100.jpg 100w, https:\/\/www.gdbs-provence.fr\/wp-content\/uploads\/2025\/07\/23.jpg 1024w\" sizes=\"(max-width: 768px) 100vw, 768px\" \/>\t\t\t\t\t\t\t\t\t\t\t\t\t\t\t<\/div>\n\t\t\t\t<\/div>\n\t\t\t\t<div class=\"elementor-element elementor-element-beae5bc elementor-widget__width-initial cmsmasters-block-default cmsmasters-sticky-default elementor-widget elementor-widget-image\" data-id=\"beae5bc\" data-element_type=\"widget\" data-e-type=\"widget\" data-widget_type=\"image.default\">\n\t\t\t\t<div class=\"elementor-widget-container\">\n\t\t\t\t\t\t\t\t\t\t\t\t\t\t\t<img decoding=\"async\" width=\"687\" height=\"538\" src=\"https:\/\/www.gdbs-provence.fr\/wp-content\/uploads\/2025\/07\/IMOP-3-1.jpg\" class=\"attachment-medium_large size-medium_large wp-image-43454\" alt=\"\" srcset=\"https:\/\/www.gdbs-provence.fr\/wp-content\/uploads\/2025\/07\/IMOP-3-1.jpg 687w, https:\/\/www.gdbs-provence.fr\/wp-content\/uploads\/2025\/07\/IMOP-3-1-300x235.jpg 300w, https:\/\/www.gdbs-provence.fr\/wp-content\/uploads\/2025\/07\/IMOP-3-1-383x300.jpg 383w, https:\/\/www.gdbs-provence.fr\/wp-content\/uploads\/2025\/07\/IMOP-3-1-600x470.jpg 600w\" sizes=\"(max-width: 687px) 100vw, 687px\" \/>\t\t\t\t\t\t\t\t\t\t\t\t\t\t\t<\/div>\n\t\t\t\t<\/div>\n\t\t\t\t<\/div>\n\t\t\t\t<\/div>\n\t\t\t\t\t<\/div>\n\t\t\t\t<\/section>\n\t\t\t\t<\/div>\n\t\t","protected":false},"excerpt":{"rendered":"<p>Une d\u00e9marche responsable Nous sommes convaincus que la qualit\u00e9 de nos services de blanchisserie et de nettoyage ne peut aller sans un engagement sinc\u00e8re et fermement attach\u00e9 \u00e0 la protection de notre environnement. Nous pla\u00e7ons la responsabilit\u00e9 environnementale au centre de nos activit\u00e9s. Conscients de l\u2019impact que peuvent avoir nos m\u00e9tiers sur la plan\u00e8te, nous&#8230;<\/p>\n","protected":false},"author":1,"featured_media":0,"parent":0,"menu_order":0,"comment_status":"closed","ping_status":"closed","template":"","meta":{"_acf_changed":false,"footnotes":""},"class_list":["post-43692","page","type-page","status-publish","hentry"],"acf":[],"_links":{"self":[{"href":"https:\/\/www.gdbs-provence.fr\/index.php?rest_route=\/wp\/v2\/pages\/43692","targetHints":{"allow":["GET"]}}],"collection":[{"href":"https:\/\/www.gdbs-provence.fr\/index.php?rest_route=\/wp\/v2\/pages"}],"about":[{"href":"https:\/\/www.gdbs-provence.fr\/index.php?rest_route=\/wp\/v2\/types\/page"}],"author":[{"embeddable":true,"href":"https:\/\/www.gdbs-provence.fr\/index.php?rest_route=\/wp\/v2\/users\/1"}],"replies":[{"embeddable":true,"href":"https:\/\/www.gdbs-provence.fr\/index.php?rest_route=%2Fwp%2Fv2%2Fcomments&post=43692"}],"version-history":[{"count":13,"href":"https:\/\/www.gdbs-provence.fr\/index.php?rest_route=\/wp\/v2\/pages\/43692\/revisions"}],"predecessor-version":[{"id":43716,"href":"https:\/\/www.gdbs-provence.fr\/index.php?rest_route=\/wp\/v2\/pages\/43692\/revisions\/43716"}],"wp:attachment":[{"href":"https:\/\/www.gdbs-provence.fr\/index.php?rest_route=%2Fwp%2Fv2%2Fmedia&parent=43692"}],"curies":[{"name":"wp","href":"https:\/\/api.w.org\/{rel}","templated":true}]}}